 factor of s and 65.
13
Suppose 6*a = 12*a - 168. Let z be (168/(-9))/(4/(-18)). Calculate the highest common divisor of z and a.
28
Let a(k) = 12*k**2 + 428*k + 470. Let m be a(-58). Calculate the greatest common divisor of 1256 and m.
314
Suppose -5*j = 2*x - 6312, 3959 = 3*j - 5*x + 178. What is the greatest common factor of 6 and j?
2
Let d(i) = -148*i - 2341. Let o be d(-16). What is the highest common divisor of o and 8451?
27
Suppose -5*p + 38 + 22 = 0. Let k be (-393 - -146) + (-3 - 1)/(-2). Let q = -41 - k. Calculate the greatest common factor of p and q.
12
Suppose -233*a + 2942147 = -124*a + 201887. Calculate the greatest common factor of a and 12.
12
Let a = -252 - -254. Suppose -3*m - r = -0*r - 865, 570 = a*m + 4*r. Calculate the highest common factor of 17 and m.
17
Suppose -517 = -5*y + 3*u - 2*u, -4*y + 3*u = -407. Let w be 5/(-3) + 2 + y/12. Let p = -5 - -6. What is the highest common divisor of p and w?
1
Suppose -1 + 10 = 3*a. Suppose -3*y + 3*s + 15 = -a, 2*y = -2*s + 12. Suppose -o - 15 = -69. Calculate the highest common factor of y and o.
6
Let x(p) = -p**2 - 9*p - 4. Let j be x(-5). Let b = 52 - j. Let t(a) = -7*a - 65. Let o be t(-11). What is the highest common divisor of o and b?
12
Let g be (6/1 - 0 - 3) + 0. Suppose 7*v - 2*v + 180 = 5*j, -g*j + v + 116 = 0. What is the greatest common divisor of j and 380?
20
Suppose -185*j + 70472 = -339*j + 177*j. What is the highest common factor of 56 and j?
8
Suppose 223*i - 453*i + 217*i + 1014 = 0. Let c(z) = -z**2 - 10*z + 2. Let l be c(-8). What is the highest common factor of i and l?
6
Let y be -5 + 2 - 1*-33. Let g = -613 + 808. Calculate the highest common divisor of g and y.
15
Suppose -13 + 125 = 2*b. Let z be 108/14 + -8 - (-1770)/21. What is the greatest common factor of b and z?
28
Let q(d) = -69*d + 1111. Let t be q(15). What is the greatest common divisor of 95 and t?
19
Let x(q) = 70*q - 1. Let y be x(3). Let t = y + -149. Let g = 7370 + -7358. What is the greatest common divisor of g and t?
12
Let n(t) = 21*t - 135. Let a be n(7). Let q be a/(-24)*30*(-1 + -7). Calculate the highest common factor of q and 5.
5
Suppose 1768 = 2*m + 15*f - 19*f, -5*f = -4*m + 3530. What is the highest common factor of m and 4345?
55
Let v(g) = -g**2 + 3*g. Let m be v(6). Let y be 7852/m - 2/(-9). Let n = -186 - y. What is the highest common factor of 100 and n?
50
Let t be (-3)/(-12) + 7/4. Suppose -7 + 37 = t*h. Let y = 88 - 78. Calculate the highest common factor of y and h.
5
Suppose 0 = -3*v + 3*d + 342, -4*v + d = 4*d - 470. Let b be 0 - 2 - (-3)/1. Let p be 0 + 1 + b - -27. What is the highest common divisor of v and p?
29
Suppose 8*c + 4*c + 7*c - 3990 = 0. What is the highest common factor of 1110 and c?
30
Let q = -123 - -172. Let p be (-2828)/(-70) + 2/(-5). Let l = q - p. What is the highest common factor of l and 3?
3
Let n = -3265 + 3385. What is the greatest common factor of n and 1140?
60
Suppose 0 = 3*z - 3*l - 3660, -2*z = 132*l - 135*l - 2449. Calculate the greatest common divisor of z and 4152.
173
Let a(b) = -18*b**2 - 1316 - b**3 + 6*b**2 + 0*b + 1326 + 2*b. Let t be a(-13). What is the greatest common divisor of t and 51?
51
Let s(t) = 4*t**2 - 174*t - 244. Let d be s(45). Suppose -3*j - 10 = -5*k, -4*k - 6 + 1 = -5*j. Calculate the highest common divisor of d and k.
1
Let j(w) = -w**2 + 12*w + 360. Let r be j(15). What is the greatest common divisor of 3535 and r?
35
Let y(w) = -w**3 + 3*w**2 + 19*w + 1. Let k be y(6). Suppose -z - 3*c + 0*c + 5 = 0, 4*z + 4*c = 20. What is the greatest common divisor of k and z?
1
Let v = -39 - -87. Let a = -46 + v. Suppose -4*f - 105 = -3*n, 4*f + 6 = a*f. What is the highest common divisor of 124 and n?
31
Suppose -5 = a - 134. Suppose -2*t - j = -339, 38 + 1171 = 7*t - j. What is the highest common factor of a and t?
43
Suppose 9*u - 250 = -52 + 180. Suppose -2*r + v = -54, -2*r - 4*v + 148 = 3*r. What is the greatest common factor of r and u?
14
Let l(m) = -5*m + 134. Let r be 3*14/(-49)*-28. Let v be l(r). Calculate the highest common factor of 126 and v.
14
Suppose 692 = 4*d + 5*v, 11*d = 7*d + 4*v + 728. Let x = d - 118. Let o be 3/(10/x + 2/15). What is the highest common divisor of o and 5?
5
Let q(n) = -2*n**2 - 152*n + 705. Let r be q(-80). Calculate the highest common divisor of 377 and r.
13
Let z = 17 + -17. Suppose z = -7*h - 0*h + 28. Suppose -5*t = -h*m + 557, 4*m - 5*t + 2*t = 563. Calculate the greatest common factor of m and 13.
13
Let x(v) = -79*v + 2. Let n be x(-1). Suppose 11*f = 19*f - 2264. Suppose -f = -13*k + n. Calculate the greatest common factor of 70 and k.
14
Let c be ((-3 - -2) + 63)/(20/330). Calculate the highest common divisor of 186 and c.
93
Suppose 902 + 464 = j. Let a be j*5/30 - (-2)/(-3). Let w = a - 142. What is the greatest common factor of w and 17?
17
Let p = -258 - -262. Suppose -y - 5*q + 18 = 0, p*y + 3*q - 123 = -34. What is the highest common divisor of 92 and y?
23
Let u = 12 + 11. Let t = -3025 + 3393. What is the greatest common divisor of t and u?
23
Let j = 83 + -38. Suppose -15*r = 21*r - 32*r. Suppose r = -73*t + 74*t - 5. What is the greatest common divisor of j and t?
5
Let o = 8718 - 5478. Calculate the highest common factor of 80 and o.
40
Suppose -224476 - 219800 = -14*i. Calculate the highest common factor of 18 and i.
18
Let g be 2/7 - 346/(-14). Let s = 35290 - 34640. What is the highest common factor of s and g?
25
Suppose -3*w - 29000 = -32*w. Calculate the highest common factor of 150 and w.
50
Let n be (-58)/(-18) - (-10)/(-45). Let c(u) = u**2 + 23*u - 131. Suppose -6*x - 66 = 102. Let g be c(x). Calculate the highest common divisor of g and n.
3
Suppose -2*d = 2*d - 240. Let t = -2917 + 3007. Calculate the greatest common divisor of t and d.
30
Let z(q) = -138*q + 78. Let k be z(-4). Suppose k = -10*m + 19*m. Suppose -3*g = -3*s - 2 + 35, 3*g - 79 = -5*s. Calculate the highest common factor of m and s.
14
Suppose -g = -4*n - 31 - 47, -5 = -5*n. Let f = -6748 - -6752. Suppose f*x - g = -18. Calculate the highest common factor of x and 112.
16
Let a = -3 - -5. Let z(b) = -4653*b + 4815. Let y be z(1). What is the greatest common divisor of y and a?
2
Let d be 836*((-78)/(-12))/13. Let f = d + -95. Calculate the greatest common factor of f and 19.
19
Let t(b) = -3*b - b**2 + 3*b + 4*b + 2*b**2. Let j be t(-5). Suppose j*c + a = 48, -a = -0*a - 3. Calculate the highest common factor of c and 18.
9
Suppose 19*d - 17*d + 2*q = 28, 11 = -d + 4*q. Let y be 63/d*(-60)/(-14). What is the greatest common factor of y and 60?
30
Suppose -4*k + 2*x + 820 = 0, -3*x - 616 = -3*k - 2*x. Let r = k + -125. What is the highest common divisor of 9 and r?
9
Let y = 326 - 250. Let m(c) = 4*c**3 - 2*c**2 + 3*c - 2. Let z be m(2). Calculate the greatest common divisor of y and z.
4
Let z be (2 - 7) + (1 - -10). Let n be (-25 + 1 + 0)*z/(-12). Calculate the greatest common factor of n and 20.
4
Suppose b + 13812 = x, -643 = -5*b - 673. Calculate the highest common factor of x and 13.
13
Let b(z) = 3*z**2 - 62*z - 7. Suppose 0 = 10*t - 34 - 176. Let x be b(t). Let s be 15/1*126/15. What is the greatest common factor of s and x?
14
Let v(w) = -2*w**3 - 147*w**2 - 54*w + 1417. Let r be v(-73). Calculate the greatest common factor of r and 15190.
10
Suppose -18*q + 38*q = 12780. What is the greatest common divisor of 81 and q?
9
Suppose 0 = -3*u + 176 - 146. Suppose 34*c + 1 = 35*c. Let f be (c - (-35)/(-10))*-8*4. What is the highest common divisor of u and f?
10
Let i(b) = -11*b**3 - 41*b**2 + 57*b - 9. Let c be i(-5). What is the greatest common divisor of 6680 and c?
8
Let a = -7382 - -7394. Calculate the highest common divisor of 2334 and a.
6
Let m be (-2)/(-1) + (-6 - -4) + 2. Suppose -3*u = -4*y + 18, 2*y + m*u - 4*u - 10 = 0. What is the greatest common factor of 2 and y?
1
Let h(m) = m**3 + m + 1325. Let g be h(0). Suppose -i = 5*y - 1335, -i = y - 6*y + g. What is the highest common divisor of 152 and y?
38
Suppose -5226 - 4476 = -77*c. What is the greatest common factor of c and 2058?
42
Let f = 44773 - 44669. Calculate the highest common factor of f and 169.
13
Let f be (1368/(-120) - -31)*565/2. What is the highest common factor of f and 7?
7
Suppose 3*x + 15